[INFO] cloning repository https://github.com/phaazon/luminance-dummy
[INFO] running `Command { std: "git" "-c" "credential.helper=" "-c" "credential.helper=/workspace/cargo-home/bin/git-credential-null" "clone" "--bare" "https://github.com/phaazon/luminance-dummy" "/workspace/cache/git-repos/https%3A%2F%2Fgithub.com%2Fphaazon%2Fluminance-dummy", kill_on_drop: false }`
[INFO] [stderr] Cloning into bare repository '/workspace/cache/git-repos/https%3A%2F%2Fgithub.com%2Fphaazon%2Fluminance-dummy'...
[INFO] running `Command { std: "git" "rev-parse" "HEAD", kill_on_drop: false }`
[INFO] [stdout] 9e7d2570b0cff9c46684528c1650277542ba68ef
[INFO] checking phaazon/luminance-dummy against master#af3c6e733a40e671550e0f0f5aeecaa13772ba56 for pr-74989
[INFO] running `Command { std: "git" "clone" "/workspace/cache/git-repos/https%3A%2F%2Fgithub.com%2Fphaazon%2Fluminance-dummy" "/workspace/builds/worker-3/source", kill_on_drop: false }`
[INFO] [stderr] Cloning into '/workspace/builds/worker-3/source'...
[INFO] [stderr] done.
[INFO] validating manifest of git repo https://github.com/phaazon/luminance-dummy on toolchain af3c6e733a40e671550e0f0f5aeecaa13772ba56
[INFO] running `Command { std: "/workspace/cargo-home/bin/cargo" "+af3c6e733a40e671550e0f0f5aeecaa13772ba56" "read-manifest" "--manifest-path" "Cargo.toml", kill_on_drop: false }`
[INFO] started tweaking git repo https://github.com/phaazon/luminance-dummy
[INFO] removed path dependency luminance from git repo https://github.com/phaazon/luminance-dummy
[INFO] removed path dependency luminance-glfw from git repo https://github.com/phaazon/luminance-dummy
[INFO] finished tweaking git repo https://github.com/phaazon/luminance-dummy
[INFO] tweaked toml for git repo https://github.com/phaazon/luminance-dummy written to /workspace/builds/worker-3/source/Cargo.toml
[INFO] crate git repo https://github.com/phaazon/luminance-dummy already has a lockfile, it will not be regenerated
[INFO] running `Command { std: "/workspace/cargo-home/bin/cargo" "+af3c6e733a40e671550e0f0f5aeecaa13772ba56" "fetch" "--locked" "--manifest-path" "Cargo.toml", kill_on_drop: false }`
[INFO] [stderr] warning: dependency (luminance) specified without providing a local path, Git repository, or version to use. This will be considered an error in future versions
[INFO] [stderr] warning: dependency (luminance-glfw) specified without providing a local path, Git repository, or version to use. This will be considered an error in future versions
[INFO] [stderr]     Blocking waiting for file lock on package cache
[INFO] [stderr]     Updating crates.io index
[INFO] [stderr] error: the lock file /workspace/builds/worker-3/source/Cargo.lock needs to be updated but --locked was passed to prevent this
[INFO] [stderr] If you want to try to generate the lock file without accessing the network, use the --offline flag.
[INFO] the lockfile is outdated, regenerating it
[INFO] running `Command { std: "/workspace/cargo-home/bin/cargo" "+af3c6e733a40e671550e0f0f5aeecaa13772ba56" "generate-lockfile" "--manifest-path" "Cargo.toml" "-Zno-index-update", kill_on_drop: false }`
[INFO] running `Command { std: "/workspace/cargo-home/bin/cargo" "+af3c6e733a40e671550e0f0f5aeecaa13772ba56" "fetch" "--locked" "--manifest-path" "Cargo.toml", kill_on_drop: false }`
[INFO] [stderr] warning: dependency (luminance) specified without providing a local path, Git repository, or version to use. This will be considered an error in future versions
[INFO] [stderr] warning: dependency (luminance-glfw) specified without providing a local path, Git repository, or version to use. This will be considered an error in future versions
[INFO] [stderr]     Blocking waiting for file lock on package cache
[INFO] running `Command { std: "docker" "create" "-v" "/var/lib/crater-agent-workspace/builds/worker-3/target:/opt/rustwide/target:rw,Z" "-v" "/var/lib/crater-agent-workspace/builds/worker-3/source:/opt/rustwide/workdir:ro,Z" "-v" "/var/lib/crater-agent-workspace/cargo-home:/opt/rustwide/cargo-home:ro,Z" "-v" "/var/lib/crater-agent-workspace/rustup-home:/opt/rustwide/rustup-home:ro,Z" "-e" "SOURCE_DIR=/opt/rustwide/workdir" "-e" "CARGO_TARGET_DIR=/opt/rustwide/target" "-e" "CARGO_HOME=/opt/rustwide/cargo-home" "-e" "RUSTUP_HOME=/opt/rustwide/rustup-home" "-w" "/opt/rustwide/workdir" "-m" "1610612736" "--user" "0:0" "--network" "none" "rustops/crates-build-env@sha256:d92eaeed33fa75130ca1ee6c8a01d1ffb62bac859dfdfb3450e3e5d1c0146529" "/opt/rustwide/cargo-home/bin/cargo" "+af3c6e733a40e671550e0f0f5aeecaa13772ba56" "metadata" "--no-deps" "--format-version=1", kill_on_drop: false }`
[INFO] [stdout] 66d5adc533e44fea7b94694b3e045301ca83bc44856ce22735e367ef4babb8e0
[INFO] [stderr] WARNING: Your kernel does not support swap limit capabilities or the cgroup is not mounted. Memory limited without swap.
[INFO] running `Command { std: "docker" "start" "-a" "66d5adc533e44fea7b94694b3e045301ca83bc44856ce22735e367ef4babb8e0", kill_on_drop: false }`
[INFO] running `Command { std: "docker" "inspect" "66d5adc533e44fea7b94694b3e045301ca83bc44856ce22735e367ef4babb8e0", kill_on_drop: false }`
[INFO] running `Command { std: "docker" "rm" "-f" "66d5adc533e44fea7b94694b3e045301ca83bc44856ce22735e367ef4babb8e0", kill_on_drop: false }`
[INFO] [stdout] 66d5adc533e44fea7b94694b3e045301ca83bc44856ce22735e367ef4babb8e0
[INFO] running `Command { std: "docker" "create" "-v" "/var/lib/crater-agent-workspace/builds/worker-3/target:/opt/rustwide/target:rw,Z" "-v" "/var/lib/crater-agent-workspace/builds/worker-3/source:/opt/rustwide/workdir:ro,Z" "-v" "/var/lib/crater-agent-workspace/cargo-home:/opt/rustwide/cargo-home:ro,Z" "-v" "/var/lib/crater-agent-workspace/rustup-home:/opt/rustwide/rustup-home:ro,Z" "-e" "SOURCE_DIR=/opt/rustwide/workdir" "-e" "CARGO_TARGET_DIR=/opt/rustwide/target" "-e" "CARGO_INCREMENTAL=0" "-e" "RUST_BACKTRACE=full" "-e" "RUSTFLAGS=--cap-lints=forbid" "-e" "CARGO_HOME=/opt/rustwide/cargo-home" "-e" "RUSTUP_HOME=/opt/rustwide/rustup-home" "-w" "/opt/rustwide/workdir" "-m" "1610612736" "--user" "0:0" "--network" "none" "rustops/crates-build-env@sha256:d92eaeed33fa75130ca1ee6c8a01d1ffb62bac859dfdfb3450e3e5d1c0146529" "/opt/rustwide/cargo-home/bin/cargo" "+af3c6e733a40e671550e0f0f5aeecaa13772ba56" "check" "--frozen" "--all" "--all-targets" "--message-format=json", kill_on_drop: false }`
[INFO] [stderr] WARNING: Your kernel does not support swap limit capabilities or the cgroup is not mounted. Memory limited without swap.
[INFO] [stdout] 70562a59528cfb352292099a52a6be0adf2e464ba74c46b2680193d020cad17e
[INFO] running `Command { std: "docker" "start" "-a" "70562a59528cfb352292099a52a6be0adf2e464ba74c46b2680193d020cad17e", kill_on_drop: false }`
[INFO] [stderr] warning: dependency (luminance) specified without providing a local path, Git repository, or version to use. This will be considered an error in future versions
[INFO] [stderr] warning: dependency (luminance-glfw) specified without providing a local path, Git repository, or version to use. This will be considered an error in future versions
[INFO] [stderr]    Compiling log v0.4.11
[INFO] [stderr]    Compiling khronos_api v3.1.0
[INFO] [stderr]    Compiling cfg-if v0.1.10
[INFO] [stderr]    Compiling xml-rs v0.8.3
[INFO] [stderr]    Compiling cc v1.0.59
[INFO] [stderr]    Compiling libc v0.2.77
[INFO] [stderr]    Compiling bitflags v1.2.1
[INFO] [stderr]     Checking semver-parser v0.7.0
[INFO] [stderr]     Checking luminance v0.42.1
[INFO] [stderr]     Checking semver v0.9.0
[INFO] [stderr]    Compiling cmake v0.1.44
[INFO] [stderr]    Compiling gl_generator v0.14.0
[INFO] [stderr]     Checking luminance-windowing v0.9.2
[INFO] [stderr]     Checking raw-window-handle v0.3.3
[INFO] [stderr]    Compiling glfw-sys v3.3.2
[INFO] [stderr]    Compiling gl v0.14.0
[INFO] [stderr]     Checking glfw v0.40.0
[INFO] [stderr]     Checking luminance-gl v0.15.0
[INFO] [stderr]     Checking luminance-glfw v0.14.1
[INFO] [stderr]     Checking luminance-dummy v0.1.0 (/opt/rustwide/workdir)
[INFO] [stdout] error[E0432]: unresolved import `luminance::state`
[INFO] [stdout]  --> src/lib.rs:6:16
[INFO] [stdout]   |
[INFO] [stdout] 6 | use luminance::state::{GraphicsState, StateQueryError};
[INFO] [stdout]   |                ^^^^^ could not find `state` in `luminance`
[INFO] [stdout] 
[INFO] [stdout] 
[INFO] [stdout] error[E0407]: method `state` is not a member of trait `GraphicsContext`
[INFO] [stdout]   --> src/lib.rs:22:3
[INFO] [stdout]    |
[INFO] [stdout] 22 | /   fn state(&self) -> &Rc<RefCell<GraphicsState>> {
[INFO] [stdout] 23 | |     &self.graphics_state
[INFO] [stdout] 24 | |   }
[INFO] [stdout]    | |___^ not a member of trait `GraphicsContext`
[INFO] [stdout] 
[INFO] [stdout] 
[INFO] [stdout] error[E0407]: method `swap_buffers` is not a member of trait `GraphicsContext`
[INFO] [stdout]   --> src/lib.rs:26:3
[INFO] [stdout]    |
[INFO] [stdout] 26 | /   fn swap_buffers(&mut self) {
[INFO] [stdout] 27 | |     println!("swapping buffers!");
[INFO] [stdout] 28 | |   }
[INFO] [stdout]    | |___^ not a member of trait `GraphicsContext`
[INFO] [stdout] 
[INFO] [stdout] 
[INFO] [stdout] error[E0432]: unresolved import `luminance::state`
[INFO] [stdout]  --> src/lib.rs:6:16
[INFO] [stdout]   |
[INFO] [stdout] 6 | use luminance::state::{GraphicsState, StateQueryError};
[INFO] [stdout]   |                ^^^^^ could not find `state` in `luminance`
[INFO] [stdout] 
[INFO] [stdout] 
[INFO] [stdout] error[E0407]: method `state` is not a member of trait `GraphicsContext`
[INFO] [stdout]   --> src/lib.rs:22:3
[INFO] [stdout]    |
[INFO] [stdout] 22 | /   fn state(&self) -> &Rc<RefCell<GraphicsState>> {
[INFO] [stdout] 23 | |     &self.graphics_state
[INFO] [stdout] 24 | |   }
[INFO] [stdout]    | |___^ not a member of trait `GraphicsContext`
[INFO] [stdout] 
[INFO] [stdout] 
[INFO] [stdout] error[E0407]: method `swap_buffers` is not a member of trait `GraphicsContext`
[INFO] [stdout]   --> src/lib.rs:26:3
[INFO] [stdout]    |
[INFO] [stdout] 26 | /   fn swap_buffers(&mut self) {
[INFO] [stdout] 27 | |     println!("swapping buffers!");
[INFO] [stdout] 28 | |   }
[INFO] [stdout]    | |___^ not a member of trait `GraphicsContext`
[INFO] [stdout] 
[INFO] [stdout] 
[INFO] [stdout] error[E0046]: not all trait items implemented, missing: `Backend`, `backend`
[INFO] [stdout]   --> src/lib.rs:21:1
[INFO] [stdout]    |
[INFO] [stdout] 21 | unsafe impl GraphicsContext for DummyContext {
[INFO] [stdout]    | ^^^^^^^^^^^^^^^^^^^^^^^^^^^^^^^^^^^^^^^^^^^^ missing `Backend`, `backend` in implementation
[INFO] [stdout]    |
[INFO] [stdout]    = help: implement the missing item: `type Backend = Type;`
[INFO] [stdout]    = help: implement the missing item: `fn backend(&mut self) -> &mut <Self as GraphicsContext>::Backend { todo!() }`
[INFO] [stdout] 
[INFO] [stdout] 
[INFO] [stdout] error: aborting due to 4 previous errors
[INFO] [stdout] 
[INFO] [stdout] 
[INFO] [stdout] Some errors have detailed explanations: E0046, E0407, E0432.
[INFO] [stdout] 
[INFO] [stdout] For more information about an error, try `rustc --explain E0046`.
[INFO] [stdout] 
[INFO] [stderr] error: could not compile `luminance-dummy`.
[INFO] [stderr] 
[INFO] [stderr] To learn more, run the command again with --verbose.
[INFO] [stderr] warning: build failed, waiting for other jobs to finish...
[INFO] [stdout] error[E0046]: not all trait items implemented, missing: `Backend`, `backend`
[INFO] [stdout]   --> src/lib.rs:21:1
[INFO] [stdout]    |
[INFO] [stdout] 21 | unsafe impl GraphicsContext for DummyContext {
[INFO] [stdout]    | ^^^^^^^^^^^^^^^^^^^^^^^^^^^^^^^^^^^^^^^^^^^^ missing `Backend`, `backend` in implementation
[INFO] [stdout]    |
[INFO] [stdout]    = help: implement the missing item: `type Backend = Type;`
[INFO] [stdout]    = help: implement the missing item: `fn backend(&mut self) -> &mut <Self as GraphicsContext>::Backend { todo!() }`
[INFO] [stdout] 
[INFO] [stdout] 
[INFO] [stdout] error: aborting due to 4 previous errors
[INFO] [stdout] 
[INFO] [stdout] 
[INFO] [stdout] Some errors have detailed explanations: E0046, E0407, E0432.
[INFO] [stdout] 
[INFO] [stdout] For more information about an error, try `rustc --explain E0046`.
[INFO] [stdout] 
[INFO] [stderr] error: build failed
[INFO] running `Command { std: "docker" "inspect" "70562a59528cfb352292099a52a6be0adf2e464ba74c46b2680193d020cad17e", kill_on_drop: false }`
[INFO] running `Command { std: "docker" "rm" "-f" "70562a59528cfb352292099a52a6be0adf2e464ba74c46b2680193d020cad17e", kill_on_drop: false }`
[INFO] [stdout] 70562a59528cfb352292099a52a6be0adf2e464ba74c46b2680193d020cad17e
